 the tens digit of i(p)?
4
Suppose 4096 = 72*h - 5552. What is the hundreds digit of h?
1
Let r = 69 - 45. Let c = r - 20. Suppose 2*x + 3*g = c*g + 104, -5*g = 4*x - 208. What is the tens digit of x?
5
Suppose 5*x = 10, 4*x + 1277 = q + 101. What is the tens digit of q?
8
Suppose -10*i - 720 = -2*i. What is the tens digit of i*2/18*-3?
3
Let i(d) = -d**3 + 28*d**2 + 14*d + 46. What is the hundreds digit of i(28)?
4
Suppose 5*f - 2*d - 2707 = 318, -2*f = -d - 1209. What is the units digit of f?
7
Let g = -787 + 442. Let s = g - -483. What is the tens digit of s?
3
Let m = 111 - 79. Let r(d) = -d - 1. Let t be r(0). What is the tens digit of m + 3 + -1 + t?
3
Let o(n) = -n**3 + 7*n**2 - 6*n - 5. Let t be o(5). Suppose -3*p = 3*d - 12, 3 + 2 = 2*p - d. Suppose -2*z - p*z + t = 0. What is the units digit of z?
3
Suppose -4*y = y - 45. Let t(j) = j**2 - 3*j - 4. What is the units digit of t(y)?
0
Suppose 4*q - 11 = 5*m + 14, 5*m = 2*q - 15. What is the tens digit of -1*4 + (q - -13)?
1
Let w = -411 + 1104. What is the hundreds digit of w?
6
Let m(p) = p**2 - 7*p + 1. Let g be m(3). Let j(x) = 5*x**2 - 4*x + 26. Let z(a) = -a**2 + a - 5. Let h(r) = g*z(r) - 2*j(r). What is the tens digit of h(-3)?
2
Let a = -34 - -78. Let b = a - -45. What is the units digit of b?
9
Let b(i) = 460*i**2 + 22*i + 34. What is the tens digit of b(-2)?
3
Suppose -4*o - 35 = 3*q, 0 = -7*o + 2*o - 5*q - 50. Let j be o*-3*8/(-30). What is the units digit of (-63)/j + (-3)/4?
5
Suppose -30 = -5*m - u, u - 16 = -3*m - 0*u. Suppose -k + 3*b - 5 = 0, m = 3*b - 2. Suppose 5*f + 35 = x, 3*f - k*f - 23 = -x. What is the tens digit of x?
2
Let l(j) = 924*j - 86. What is the tens digit of l(5)?
3
Let i(v) be the first derivative of 4 + 6*v**4 + 1/3*v**3 + 0*v - 1/2*v**2. What is the units digit of i(1)?
4
Let t(m) = 26*m**2 - m + 2. What is the units digit of t(-4)?
2
Let b = 864 - -292. What is the hundreds digit of b?
1
Let w be 47 - -2 - 2*1. Let j(s) = -s**3 - 5*s**2 + 2*s - 10. Let r be j(-5). Let a = w + r. What is the tens digit of a?
2
Let y(i) = -2*i + 3. Let v(l) = -l. Let r(f) = -v(f) - y(f). Suppose 2*g - 2 = g, g = 4*b - 54. What is the units digit of r(b)?
9
Suppose 3*q + 242 = -196. What is the tens digit of 2 - (q/6 + 2/(-3))?
2
What is the units digit of 40*33/12*(-144)/(-30)?
8
What is the units digit of (33690/40)/(68/16 + -4)?
9
Suppose -5*p + 33 - 3 = 0. Suppose d - p = -d, -4*d + 10 = -2*u. What is the units digit of u?
1
Suppose 2*k - 3*u = 6*k - 3723, 3*u + 2766 = 3*k. What is the tens digit of k?
2
Let r(k) = k**3 - 8*k**2 + 3*k - 5. Let m be r(6). Suppose 0 = -10*d + 38*d - 3192. Let n = m + d. What is the units digit of n?
5
Let y = 1 - -3. Suppose 0 = -s + 3*s - 3*o - 57, s - y*o = 21. Suppose c - 6*c + s = g, 2*c + 54 = g. What is the tens digit of g?
4
Let o(u) = -u**2 - 8*u. Let p be o(-6). Let n be (-121)/(-22) + (-3)/(-2). Let f = p - n. What is the units digit of f?
5
Suppose -19*w = -13*w - 3780. What is the units digit of w?
0
Suppose 144*w = 146*w - 5708. What is the hundreds digit of w?
8
Suppose -2*n = -k - 0*n - 5, 11 = -5*k + 3*n. Let r be (-11 + k)*(-8)/12. What is the units digit of 6/4*(10 - r)?
3
What is the tens digit of 4439730/2090 - (-6)/(-22)?
2
Suppose -4*i - i = -10. Suppose i*b - 136 = 74. Suppose -b = -j - 2*j. What is the tens digit of j?
3
Let h = 76 - 78. What is the units digit of (-330)/(3/h*1)?
0
Let h be 2 - 4*(-4)/(-24)*3. Suppose -g - 336 = -4*t + g, -4*t - 5*g + 364 = h. What is the units digit of t?
6
Suppose -5*z - 26 = 3*o - 8, 0 = -2*o - 2. What is the units digit of (-20)/(-15)*z/(-4)?
1
Suppose 6*j - 22*j + 1904 = 0. What is the tens digit of j?
1
Suppose 0 = 2*d + 29 - 43. Let b(q) be the third derivative of q**4/24 + q**3/3 - q**2. What is the units digit of b(d)?
9
Let s(h) = h**3 - 5*h**2 - 6*h - 4. Let k be s(8). Let o be 6/(-9) + k/(-15). What is the units digit of (o/(-7))/((-12)/(-42))?
5
Let c be 1/(54/180*4/18). Let r(d) = 8*d - 1. Let p be r(-2). Let y = c - p. What is the units digit of y?
2
Let r be (2058/28)/((-2)/4). Let k = r - -215. What is the units digit of k?
8
Let k(d) = -d + 23. Let v be k(14). Suppose 108 = -7*t + v*t. What is the tens digit of t?
5
Let p(b) = 24*b**2 + 21*b + 85. What is the units digit of p(-6)?
3
Let c(w) = w**3 - w**2 - 7*w + 6. Let s be c(3). Suppose -s*o + 241 = -95. What is the units digit of (o/(-40))/((-2)/20)?
8
Let x = -12 + 11. Let i = 49 - x. What is the tens digit of i?
5
Let v be (-4)/48*2 - (-57)/18. Suppose f - 2*d - 72 = d, v*d = -f + 102. What is the units digit of f?
7
Suppose 652*p - 272 = 648*p. What is the tens digit of p?
6
Suppose -2*x = -y + 2*x + 26, 5*x = -3*y - 7. Suppose -2*h + 16 = -2*z + y, 5*z - 4*h = -20. Suppose f - 2*f + 51 = z. What is the units digit of f?
1
Suppose -1194 = -2*s + 3*t, -8*s + 3*s - 5*t = -3035. What is the units digit of s?
3
Suppose 2*q + 10 = -4*j - 6, 5*j = -25. What is the units digit of (q - 3)/(-2*(-2)/(-676))?
9
Let l be (6/7)/(2/(-28)). Let o be 7/3 - 8/l. Suppose u - s = -3*u + 141, -o*u + 102 = -2*s. What is the units digit of u?
6
What is the tens digit of 148848/(-28)*(-2)/4?
5
Suppose 6 = z + 2. Suppose -z*q = -j - 122, 3*q + 0*j - 99 = -3*j. Let n = -22 + q. What is the units digit of n?
9
Suppose 0 = -3*s + 2*s + 2*y - 5, 0 = -4*s - 5*y + 32. Suppose 2*z - 68 = -4*o, -z - s*o + 23 = -11. What is the tens digit of z?
3
Suppose -56 = -4*u + 5*r, 5*r = -4*u + u + 7. Suppose -5*m + 532 = h - 535, -3*h - u = 0. What is the hundreds digit of m?
2
Suppose -2039 = -9*q + 6*q + 2*i, 0 = -3*i + 15. What is the tens digit of q?
8
Suppose -61*j - 981 = -70*j. What is the units digit of j?
9
Suppose -20 = x + 3*x + o, 5*o - 5 = x. Let i = 6 - x. Let t = i - 9. What is the units digit of t?
2
Let w be (-1 + 1 - 0) + 0. Let g = -21 - w. What is the units digit of 505/7 + g/147?
2
Suppose k = 80 + 61. What is the tens digit of k?
4
What is the tens digit of (-2218)/(-5) - (-52)/130?
4
Suppose -6 = -9*g + 12. Suppose 334 = 4*a - g*h, 2*h + 155 = 2*a - 15. What is the tens digit of a?
8
Suppose 3*t = 2*u - 5, 2*t - 1 = -0*u - 3*u. Let l(o) = 2*o**3 + 1. Let h be l(u). Suppose k - 84 = -h*k. What is the tens digit of k?
2
What is the units digit of 55984/88 - (1 - (-27)/(-33))?
6
Let k(b) = -15*b**3 - b. Let o be k(-1). Let i = 11 - o. Let h(m) = m**3 + 7*m**2 + 3*m. What is the tens digit of h(i)?
3
Let x = -39 - -479. What is the tens digit of x?
4
Suppose 2*r + 8544 = 5*p, 7*r = 10*r + 6. What is the hundreds digit of p?
7
What is the thousands digit of (-30)/(-6) - 2 - 4 - -1872?
1
Suppose -1290 = -2*d + 2*a, -4*a = -8*a - 16. What is the hundreds digit of d?
6
Let w(p) = -7*p + 4 - 4 + 3. Let f = 55 - 58. What is the units digit of w(f)?
4
Let i(x) = 180*x**3 - 6*x**2 + 6*x + 6. What is the units digit of i(2)?
4
Suppose 116014 = 26*x + 45*x. What is the tens digit of x?
3
Suppose 97*x - 113*x = -101584. What is the thousands digit of x?
6
Suppose 9504 = 17*l - 12120. What is the units digit of l?
2
Let o(m) = 4*m**2 + 11*m + 110. What is the hundreds digit of o(-14)?
7
Suppose 5*z = 3*n + 2, -2*n + 6 + 10 = z. Let x(k) = -k + 12. Let w be x(n). Suppose -4*p - 48 = -w*p. What is the units digit of p?
4
Suppose 2*h + u - 126 = 0, -191 = -6*h + 3*h - u. What is the tens digit of (-10)/h + 422*(-5)/(-26)?
8
Suppose 23*m - 38*m = -58335. What is the units digit of m?
9
Suppose 0 = -7*h + 25231 + 4078. What is the units digit of h?
7
Let n(c) = -c**3 - 12*c**2 + 2*c + 14. Let j(d) = -d**3 - 11*d**2 + 2*d + 14. Let s(x) = -4*j(x) + 3*n(x). What is the units digit of s(-8)?
2
What is the tens digit of 942/(-2)*(-23 + 42 + -24)?
5
Suppose c - 15*c = -25522. What is the hundreds digit of c?
8
Let d(v) = v**3 + 2*v**2 - 31*v - 10. What is the tens digit of d(9)?
0
Let l = 243 - 135. Let h = 224 - l. Suppose 0*a - 4*a + h = 0. What is the units digit of a?
9
Suppose -r = -3*p, 0 = 2*p + r + 2*r. Suppose -q + 2 = p, -s + 2*q + 2*q = -82. What is the tens digit of s?
9
What is the tens digit of (28870/8)/5 - (-81)/(-108)?
2
Suppose -62 = 3*z - 4*l, 30 = -4*z - l - 21. Let t = -7 - z. What is the units digit of t?
7
Let q = 4750 - 3012. What is the tens digit of q?
3
Suppose -2*v + 0*v + 8 = -l, -2*v + 5*l = -8. Suppose -12*o +